*r + 955 = 125*r. List the prime factors of r.
191
Suppose 2*h + 6 = -h. Let r = h + 38. What are the prime factors of r?
2, 3
Let c(m) = -6*m - 54. Let y be c(-9). Suppose y = -14*w + 4842 - 306. What are the prime factors of w?
2, 3
Let x(b) = 151*b**2 - 18*b - 57. What are the prime factors of x(-4)?
11, 13, 17
Let r be (-26)/(-8) + 1/(-4). Suppose n + r*n - 116 = 0. Suppose -n - 16 = -3*o. What are the prime factors of o?
3, 5
Let r be (4/6)/(14/105). Suppose -5*k + 3*w + 719 + 170 = 0, 0 = -r*k - 5*w + 865. Let o = k - 124. What are the prime factors of o?
2, 13
Let c = -7 + 4. Let g(w) = -2*w**2 - 2*w - 2. Let i be g(c). Let k = i + 24. What are the prime factors of k?
2, 5
Suppose 2*s + 5*n = 623, 0*s + 3*s = 5*n + 947. List the prime factors of s.
2, 157
Let y be ((0 - 1) + -1)*2. Let d(h) = -h - 38. Let f be d(-32). What are the prime factors of (y - f/2) + 36?
5, 7
Let d = -2408 + 3669. What are the prime factors of d?
13, 97
List the prime factors of 76*(-1)/(-6)*18.
2, 3, 19
Let b = 51 + -79. Let p = b + 17. Let i(x) = x**3 + 12*x**2 + 8*x + 12. What are the prime factors of i(p)?
3, 5
Let x = -347 - -962. List the prime factors of x.
3, 5, 41
Suppose 15498 + 5763 = 5*x + 3*b, -5*b = -5*x + 21285. What are the prime factors of x?
2, 3, 709
Let v(k) = k**2 + 18*k + 18. Suppose 0 = -3*q - 4*g - 45, -g = -3*q + g - 63. What are the prime factors of v(q)?
37
Suppose 336 = 8*j - 760. List the prime factors of j.
137
Let k(o) = -o. Let n be k(8). Let a(r) = -r**2 - 8*r + 5. List the prime factors of a(n).
5
Let m(r) = 21*r - 2. Suppose -o - 10 = -4*y + y, 0 = -2*y + 3*o + 2. What are the prime factors of m(y)?
2, 41
What are the prime factors of 3 + (40/(-30))/((-1)/1233)?
3, 61
Let v(f) = -f**2 - 7*f - 5. Let z be v(-3). Suppose -z*a = -637 + 147. List the prime factors of a.
2, 5, 7
Let n = 582 + 2. List the prime factors of n.
2, 73
Let u(t) = 31*t - 51. What are the prime factors of u(33)?
2, 3
Let v(c) = 57*c + 188. What are the prime factors of v(22)?
2, 7, 103
Let a = 2 - -12. Suppose -2*v + 4*n - 2 = -a, -4*n + 4 = 0. List the prime factors of v.
2
Let k be (4 - 2286/10) + 4/(-10). Let t = -86 - k. List the prime factors of t.
139
What are the prime factors of 1/(197/(-1084)*22 + 4)?
2, 271
Let k(c) = 5*c + 637. List the prime factors of k(0).
7, 13
Let n(i) be the first derivative of -7*i**2/2 + 3*i + 32. List the prime factors of n(-8).
59
Let s = -96 + 238. Let n = 340 - s. List the prime factors of n.
2, 3, 11
Let m be (-15)/10 - 1/2. What are the prime factors of (-11 + 2)*(m + 1)?
3
Let j = -100 - -331. What are the prime factors of j?
3, 7, 11
Let u = -18 + 12. List the prime factors of ((-3)/6)/(u/192).
2
Let q = 5 - 3. Suppose q*t - 8 = 4*z - 2*t, -2*z + 4*t - 8 = 0. Suppose -2*g + 7 + 55 = z. What are the prime factors of g?
31
Suppose 4*j - 2*j + 22 = 2*d, 4*j + 4*d + 76 = 0. Let k = j + 115. List the prime factors of k.
2, 5
Let k = 10 + -4. Suppose -11 = 5*m - k*m. List the prime factors of (-90)/(-4) + m/(-22).
2, 11
Let y = -164 + 659. What are the prime factors of y?
3, 5, 11
Suppose 0 = -3*c + c - 40. Let z = c + 22. Suppose 0 = 2*f + 4, -z*f = 3*v - 5*v + 44. List the prime factors of v.
2, 5
Let r(i) = 3*i**3 - 14*i**2 - 4*i + 3. List the prime factors of r(6).
3, 41
What are the prime factors of -1*6/(-12)*3152?
2, 197
Let a(i) = -i**3 - 6*i**2 - 6*i - 7. Let c be (-2)/(-4)*(-19 + 5). What are the prime factors of a(c)?
2, 3, 7
Let f(d) = 4*d**2 + 3*d + 8. Suppose 0*s = -4*s. Let v be (-3)/(6/(-8) - s). What are the prime factors of f(v)?
2, 3, 7
Let s = -376 + 459. List the prime factors of s.
83
Let t = 2215 + -1390. What are the prime factors of t?
3, 5, 11
Suppose -3*m + 5*c - 7 - 7 = 0, 3*c = 2*m + 8. List the prime factors of m/((-8)/4)*-55.
5, 11
Let n(m) = 188*m - 172. List the prime factors of n(7).
2, 11, 13
Suppose 4*x = 6*x - 40. Suppose -x = -16*n + 11*n. List the prime factors of (n/(-6))/(18/(-945)).
5, 7
Suppose 5*v = 7 - 12. What are the prime factors of (-127)/4*v*(4 + 0)?
127
Suppose r + 2*r = 4*a - 3939, 2*a - 1970 = 2*r. What are the prime factors of a?
2, 3, 41
Let d be (8/10)/((-7)/35). What are the prime factors of (3/d)/((-6)/1008)?
2, 3, 7
Let o = 462 + -238. List the prime factors of o.
2, 7
Suppose -8*y = -5*y - 1104. What are the prime factors of y?
2, 23
Suppose 539 = -5*w + 6759. List the prime factors of w.
2, 311
Suppose 0 = 14*v - 72588 + 16952. List the prime factors of v.
2, 1987
Let z(q) be the first derivative of q**4/4 + 11*q**3/3 + 4*q**2 - 8*q - 65. Let j(r) = -11*r**2 + 1. Let o be j(1). What are the prime factors of z(o)?
2, 3
Let b = 60 - 35. Let k = -9 + b. Suppose o + 1 = 0, -2*q + 5*o + k = o. List the prime factors of q.
2, 3
Let s(z) be the second derivative of 13/6*z**3 + 0 - 11/12*z**4 - 4*z + 1/20*z**5 - 5/2*z**2. What are the prime factors of s(10)?
5
Suppose 2*x + 1 + 5 = 0. Suppose 18 = 12*d - 15*d. What are the prime factors of (x + 0)/(5 + d)?
3
Suppose 0 = -k - 3, i + 2 = k + 1. Let b = i + 18. List the prime factors of b.
2, 7
Let h(v) = -4*v**2 - 1. Let g be h(-1). Let y = g - -29. What are the prime factors of y?
2, 3
Let r(v) = 58*v - 125. List the prime factors of r(18).
919
Suppose -35*l - 45645 + 191280 = 0. What are the prime factors of l?
3, 19, 73
Suppose -s = 4*s - 5*v - 25, 3*v + 7 = s. Suppose -s*j + 0 = -8. Suppose -o - 2*o - 4*h = -21, h = j*o - 25. What are the prime factors of o?
11
Let n(i) = -i**2 - 20*i + 11. List the prime factors of n(-5).
2, 43
Let n be 20/(6/3*(-1)/37). Let w = n + 557. What are the prime factors of w?
11, 17
Let x(o) = 14*o + 78. Let c(t) = -5*t - 26. Let r(q) = 8*c(q) + 3*x(q). List the prime factors of r(-11).
2
Let h(i) = -2*i**3 + 6*i**2 - 10*i - 52. What are the prime factors of h(-6)?
2, 41
Let v(m) = -6*m - 81. Let j be v(-14). Suppose -7*b + 10 = -2*b. Suppose 2*t = x - j*t - 20, 0 = -b*t + 2. List the prime factors of x.
5
Suppose -330*t + 85428 = -309*t. List the prime factors of t.
2, 3, 113
Suppose 0*w - 16 = -2*w. Let r be 1/(20/w - 2). Let f(p) = 17*p + 4. List the prime factors of f(r).
2, 19
Suppose 30 = -2*v + 4*j, -2*v + 5 - 27 = -2*j. Let r be 3256/77 - (-2)/v. Suppose 3*q + 3*t = 156 - r, 0 = -3*q - 5*t + 120. List the prime factors of q.
5, 7
Let f(w) = 3*w + 42. Let t be f(-18). What are the prime factors of t/4 - -4 - -27?
2, 7
Let t = -377 + 224. Let u = t - -273. What are the prime factors of u?
2, 3, 5
Let y = 24 + -27. Let r = y + 10. What are the prime factors of r?
7
Suppose 0 = 54*j - 26053 - 199181. What are the prime factors of j?
43, 97
Let q be (-4)/(-14) - 7/((-49)/(-2)). Suppose 4*m + 2*o = 338, -2*m - 3*o + 6*o + 181 = q. List the prime factors of m.
2, 43
Let i = 6 - 0. Let c(m) = 3*m - 7. Let b be c(i). Suppose 5 - b = -3*n. List the prime factors of n.
2
Let y(o) = -o**3 - 3*o**2 - 4*o + 6. Let j(g) = g**3 + 2*g**2 + 4*g - 6. Let s(k) = -5*j(k) - 6*y(k). List the prime factors of s(-6).
2, 3, 7
Let j(a) = 197*a**2 + 32*a. What are the prime factors of j(-2)?
2, 181
Let h = -117 - -200. Suppose 0 = -a - 2*d + 98, 4*a = 3*a + d + h. What are the prime factors of a?
2, 11
Let g(y) = 9*y - 9. Let p(o) = o**2 + 3*o - 1. Let f be p(1). List the prime factors of g(f).
2, 3
Let o = 1548 - 321. List the prime factors of o.
3, 409
Let o(g) = 15*g**2 - g + 53. List the prime factors of o(6).
587
Suppose 23 + 17 = 5*f. Let u(k) = -k**3 + 9*k**2 - 7*k + 1. Let x be u(f). Let l = 63 - x. List the prime factors of l.
2, 3
Let n(k) = k**3 + 19*k**2 + 23*k - 13. Let y be n(-17). Suppose 5*c - c + 2*m - y = 0, 5*c - 2*m = 231. Suppose b - 4*b = -c. List the prime factors of b.
3, 5
Let m = -2273 + 6355. List the prime factors of m.
2, 13, 157
Let g(h) = h**3 - 9*h**2 + 11*h - 8. Let i be g(9). Suppose -i - 45 = -3*f - 4*a, 5*f - 180 = 5*a. List the prime factors of (-6 - -1)*(-16)/f.
2
Let y(c) = c - 10. Let j be y(13). Suppose j*n + s = 14, -4*n + 2*s + 3*s + 25 = 0. Suppose 157 = n*o + 3*d, d - 127 = -4*o - 0*d. List the prime factors of o.
2
Suppose 690 = 5*q + 4*y, 5*y = 5*q - 369 - 276. List the prime factors of q.
2, 67
Let s be 62/3 + 12/(-18). Let m = 5 - 7. What are the prime factors of (m/(-3))/(s/150)?
5
Let t(v) = -18*v**2 + v - v**3 - 506 + 15*v + 515. What are the prime f